*3. Determine r(4).
-1
Let j(l) = l**3 - l**2. Suppose -4*d = d - 25. Let i(g) = g - 1. Let f be i(d). Let b be -2 + f + (-1 - 1). Calculate j(b).
0
Let g(m) = 4*m**2 - 4*m + 2. Let f be 56/30 + (-8)/(-60). Determine g(f).
10
Let y = -16 - -24. Let d = y + -4. Let r(i) = d*i + 2*i - 7*i - 13 + 2. Calculate r(-6).
-5
Suppose 0*n - n + 13 = 5*u, -n + 4 = 2*u. Let i(s) = s + 1. Let r(v) = -v**2 + v - 1. Let d(p) = -i(p) - r(p). Calculate d(u).
3
Let f = 10 - 5. Let o = 5 - f. Let j(k) = -2*k - 1 + k + o*k. Give j(0).
-1
Suppose -16 + 1 = 5*a. Let i(t) = 7*t - 3. Let w(s) = 11*s - 4. Let d(f) = 8*i(f) - 5*w(f). Give d(a).
-7
Let i = 122 - 122. Let d(j) be the second derivative of -1/20*j**5 - j**2 + 1/6*j**3 + 2*j + i - 1/12*j**4. What is d(0)?
-2
Let f(c) = -c**2 - c - 2. Suppose 2*v = -2*i - 4, 0 = -2*v + i + 4*i + 31. Suppose -j + v = -0*j. Suppose j = 3*n - 3. Determine f(n).
-8
Let d = -15 + 30. Suppose -2*m + d = 3*m + 5*k, -11 = 3*m - 2*k. Let a(y) = -4*y + 1. Determine a(m).
5
Suppose -b = 4*b + 3*n - 10, -2*b + 3*n = -4. Suppose 9 = -b*u + 5*u. Let r(t) = 0*t - u*t**2 + t + 4*t**2. Calculate r(-1).
0
Let j be 1/(-4) - 551/116. Let b(z) = z**2 + 5*z - 3. Give b(j).
-3
Let w = 5 + -5. Suppose w = 5*d, 0 = -0*n - n + d + 5. Let y(a) = -7*a - 2. Let t(g) = -13*g - 4. Let z(s) = 6*t(s) - 11*y(s). Determine z(n).
-7
Let m be (-1)/(-4) - (-2)/(-8). Let x(c) be the first derivative of -c**2/2 + 5*c - 3. Give x(m).
5
Let z = 6 - 5. Let g be z/(-4) + (-2)/(-8). Let f(b) = -b**2 + g*b**2 + 2*b**2 - 2*b**2. Calculate f(3).
-9
Let l(i) = 2*i**3 - 5*i**2 + 5*i - 5. Let q(v) = -3*v**3 + 4*v**2 - 4*v + 4. Let o be 2/((32/12)/4). Let d(b) = o*l(b) + 4*q(b). What is d(1)?
-5
Let b be (-4)/(-22) - 831/33. Let j be 2/(-8) + b/(-20). Let n = j + 3. Let u(w) = w**2 - 4*w. Calculate u(n).
0
Let f(z) = -z**3 - z - 16. Let c(v) = -v**2 - 6*v. Let s be c(-6). Determine f(s).
-16
Let j(p) = -p**3 + 6*p**2 + p. Let l be j(6). Let u(i) be the second derivative of i**3/3 - 9*i**2/2 - i. Give u(l).
3
Let z(i) = -3*i**3 + i**2 - i + 2. Let b(m) = m**3 + m**2 - m. Let f(t) = -t + 5. Let j be f(9). Let k(x) = j*b(x) - z(x). What is k(-6)?
4
Let u(y) = 9*y - 11*y - 2 + 0. Let a(z) = -z - 3. Let f be a(0). Determine u(f).
4
Let a(c) be the first derivative of -c**2/2 - c + 3. Determine a(-2).
1
Suppose 2*c - c + 3 = 0. Let w(r) be the second derivative of 4*r - r**2 + 0 + 1/2*r**3 + 1/12*r**4. Give w(c).
-2
Let d(w) = -w**2 - 8*w + 5. Let n be d(-8). Suppose 0 = n*g + 26 - 6. Let v(t) = -t**3 - 5*t**2 - 2*t - 5. What is v(g)?
-13
Let z = -5 - -8. Let d(i) = 3*i - 4. Let q(k) = k - 1. Let b(j) = -d(j) + 2*q(j). Calculate b(z).
-1
Suppose 5*z = 2*z. Let w be (-1)/(z + (-3 - -4)). Let d(v) = -2*v**3 + v**2 + v. What is d(w)?
2
Let x(g) = -g**2 - 4*g + 2. Let k be x(-4). Suppose 0 = -3*y + k*y. Suppose -2*t + y - 4 = 0. Let s(l) = -l**2 + 2. Give s(t).
-2
Let p(w) = -w + 10. Let j be p(7). Let v be j/(2/(4/(-3))). Let d(m) be the first derivative of m**4/4 + 2*m + 75. Calculate d(v).
-6
Let h(i) = -2*i + 8. Suppose -10 = 2*y, 3*y = -3*m - 2*y - 10. Let w(n) = 2*n - 7. Let f = 1 + 5. Let c(k) = f*w(k) + m*h(k). Give c(-3).
-8
Suppose -3*m + 5*f - 2*f + 42 = 0, 0 = -4*f - 20. Suppose 0*z - 2*p - m = -z, -19 = -z + 4*p. Let b(v) = -7*v**2. Determine b(z).
-7
Let l(m) = 7*m**2 + 6*m + 5. Let q(w) = -8*w**2 - 7*w - 6. Let y(n) = -6*l(n) - 5*q(n). Give y(2).
-10
Let p(c) be the third derivative of 0 + 5*c**2 + 1/120*c**6 + 0*c**3 + 0*c + 0*c**4 - 1/60*c**5. What is p(2)?
4
Let v(z) = 3*z + 3. Suppose -4*i - 26 = -2*y, 5*i + 32 = 7. Suppose 0*w - 2*w = 5*k + 20, -4*k - 23 = y*w. Determine v(k).
-3
Let d(w) be the second derivative of w**3/6 - w**2/2 - 2*w. Let c(u) = -16*u + 10. Let t be 15/(-3 - (-15)/4). Let v(k) = t*d(k) + 2*c(k). Calculate v(1).
-12
Let j(t) = 3*t - 2 - 5*t - t**3 - 5*t**2 - t. Let f(a) = a**3 + 6*a**2 + 2*a + 8. Let x be f(-6). What is j(x)?
-6
Let v(u) = u**2 - 5*u - 4. Let x be (-50)/40*(-1 - 3). Determine v(x).
-4
Let t be 2/10 - 99/45. Let v(j) = -j. Let y(m) = 7*m. Let u(g) = -3*v(g) - y(g). Determine u(t).
8
Suppose -15 = -5*f + 10. Let d(w) = 5 + 0 - f + w + 1. What is d(-3)?
-2
Let p(n) = 3*n + 5. Let k(i) = 5*i + 9. Let o(l) = 4*k(l) - 7*p(l). What is o(2)?
-1
Let c(o) = -4 - 5*o**3 + 5 + 2*o + 3*o**3. Determine c(-1).
1
Let l(p) = 3*p**2 - 4*p - 2. Let f(b) be the third derivative of 13*b**5/60 - 2*b**4/3 - 3*b**3/2 - b**2. Let y(r) = 2*f(r) - 9*l(r). What is y(3)?
3
Let s(m) = -3*m**3 + 9*m**2 + 4*m + 3. Let o(a) = -a**3 + a**2 + a. Suppose 2*q + 5 - 7 = 0. Let i(j) = q*s(j) - 4*o(j). Calculate i(-5).
3
Let o(f) = -f**3 + 6*f**2 - 2*f - 3. Let j(a) = a**3 - 6*a**2 + 3*a + 4. Let s(c) = -3*j(c) - 4*o(c). Suppose -t + 9 = 2*q, 4*t - 8 = -4*q + 4. Give s(q).
-6
Suppose -x - 9 = -10. Let o(z) = -z + 2. What is o(x)?
1
Suppose 3*s = -s + 3*a + 6, -a + 2 = 0. Let r(f) = -6*f**2 + 9*f - 6. Let d(p) = 2*p**2 - 3*p + 2. Let i(u) = -7*d(u) - 2*r(u). Give i(s).
-11
Suppose 5*f - 16 = h, -19 = -2*f - 2*h - 3. Suppose -f = 3*n - 13. Let t(k) = k**3 + 2*k**2 + 0*k - 1 - 4*k + n*k. Calculate t(-2).
1
Suppose 3*f = 15, -4*b + 2*f + 29 = 3*f. Suppose 5*d - b*d = 3*p + 12, 6 = 2*p - 4*d. Let i(a) = a**3 + 3*a**2 - a. Give i(p).
3
Let r(b) = -2*b - 9. Let l(i) = -i**3 - 7*i**2 - 6*i - 7. Let x be l(-6). Determine r(x).
5
Let g(v) = v**2 - 5*v - 2. Let j = 29 + -12. Let m = j + -13. What is g(m)?
-6
Let u(s) be the first derivative of -s**3/3 + s**2/2 + 4*s + 7. Determine u(3).
-2
Let d(l) be the first derivative of -l**4/12 - l**3 + l**2/2 - 5*l - 1. Let n(o) be the first derivative of d(o). Calculate n(-6).
1
Let c(y) = -y**3 - 3*y**2 - 3*y - 2. Let j be (-2)/(-8) + (-69)/(-12). Let n be 1 + 5/(10/j). Suppose -4 + 12 = -n*t. What is c(t)?
0
Let u(y) be the third derivative of y**6/120 + y**5/60 - y**4/24 + y**3/2 - 2*y**2. Suppose -2*p - 4 = -2*m, 3*p + 0*p + 10 = 5*m. Give u(p).
3
Let l(j) = j**3 - 5*j**2 + 7. Suppose 0*w - 7 = -3*w - 2*m, 4*w + 3*m - 8 = 0. Give l(w).
7
Let j be ((-12)/5*-1)/((-8)/(-20)). Let t(p) = -p**3 + 6*p**2 - p + 8. What is t(j)?
2
Let h(v) = -4*v - 5*v - 9 + 8*v. Let z = -13 - -8. Give h(z).
-4
Let p(g) = -g**2 - g + 1. Let j be p(-2). Let m(r) = -4*r**3 + r**2 - 1. Let n be m(j). Let o(a) = a**2 - n + 6*a + a + 5. Give o(-5).
-9
Suppose -4*j - 4 + 28 = 0. Let w(g) = -g - 1. Determine w(j).
-7
Suppose d = -5, i - d - 11 = 1. Let l(a) = a**3 - 8*a**2 + 9*a + 9. What is l(i)?
23
Let r(j) = -6*j + 4*j - 2 + 6*j - 3*j. Calculate r(-5).
-7
Let v(s) = s**3 + 6*s**2 - 2*s - 9. Suppose -4*q + 20 = -2*a, -5*a - 32 = -q - 0*q. Give v(a).
3
Let l(h) = -4*h**3 + 3 + 6*h**3 - 4*h**2 - 1 - h**3. What is l(3)?
-7
Let i(r) = r**2 + 7*r + 2. Suppose -2*y - y - 18 = 2*a, 18 = -3*y + 5*a. What is i(y)?
-4
Let l(c) be the first derivative of c**2/2 + 3*c - 1. Let f be l(-4). Let d(o) = 5*o - 1. Determine d(f).
-6
Let v(s) be the third derivative of -s**6/120 - s**5/20 + 5*s**4/24 + s**3/3 + 33*s**2 - 2. Let c(z) = 2*z + 8. Let a be c(-6). Determine v(a).
-2
Let x = -14 - -16. Let q be ((-1)/1)/(x/(-8)). Let a(h) = -4*h. Determine a(q).
-16
Let f = 6 + -8. Let x(m) = -m**2. Suppose 0*r + 7 = -r + d, -27 = 5*r - d. Let l(z) = z**3 - 4*z**2 - z + 1. Let c(y) = r*x(y) + l(y). Give c(f).
-1
Suppose -2*o = -b - 4, -b + 0*o - 2*o = -12. Suppose 0*f + 17 = -x + 4*f, -b = -3*x + f. Let n be x - 3 - (-8)/2. Let w(i) = i**2 - 4*i + 2. Determine w(n).
2
Let v be (2 - 0)/((-6)/3). Let x(s) = 5*s + 1. Calculate x(v).
-4
Let t(y) be the second derivative of y**4/12 + y**3/2 - y**2/2 - y. Let c(x) = -x**3 - 9*x**2 - 22*x - 8. Let v be c(-5). Calculate t(v).
9
Suppose -3 = i + 2*i. Let k = i + 1. Suppose k*m + m = -5. Let s(z) = -z + 1. What is s(m)?
6
Let w(m) = m**3 + 4*m**2 - 6*m - 1. Let d(n) = n**2 + 4*n - 1. Let g be d(-2). Let b be w(g). Let o(v) = v - 4 + 4 + b*v. Determine o(1).
5
Let v(g) = g - 2. Suppose 4*d + r + 15 = 0, -d + 3*d = 5*r - 35. Calculate v(d).
-7
Let n(v) = v**3 + 2*v**2 - 2*v - 1. Let q be n(-2). Suppose 0 = -2*u - q*g - 1, -2*u = 2*u - 5*g - 9. Let y(x) = -4*x**2 + x - 1. Determine y(u).
-4
Suppose 2*u + 24 = 160. Suppose -5*b + 2*z - 4*z + u = 0, z + 32 = 3*b. Let w be (9/b)/(2/(-8)). Let x(m) = -m - 5. Give x(w).
-2
Let z = 5 + -5. Let c(j) = -j